he units digit of 659?
9
What is the units digit of 57?
7
What is the units digit of 3480?
0
What is the ten thousands digit of 50702?
5
What is the tens digit of 127115?
1
What is the thousands digit of 8985?
8
What is the units digit of 51455?
5
What is the ten thousands digit of 84796?
8
What is the hundreds digit of 515?
5
What is the tens digit of 12134?
3
What is the units digit of 1186?
6
What is the units digit of 570?
0
What is the hundreds digit of 212?
2
What is the tens digit of 190571?
7
What is the hundreds digit of 986?
9
What is the tens digit of 3562?
6
What is the tens digit of 1277?
7
What is the thousands digit of 1689?
1
What is the tens digit of 346?
4
What is the units digit of 136?
6
What is the tens digit of 9689?
8
What is the units digit of 7038?
8
What is the hundreds digit of 23088?
0
What is the hundreds digit of 101233?
2
What is the hundreds digit of 4391?
3
What is the hundreds digit of 9093?
0
What is the hundreds digit of 1292?
2
What is the ten thousands digit of 14152?
1
What is the thousands digit of 25572?
5
What is the units digit of 18430?
0
What is the units digit of 7639?
9
What is the ten thousands digit of 41792?
4
What is the tens digit of 3591?
9
What is the hundreds digit of 50610?
6
What is the thousands digit of 30802?
0
What is the tens digit of 7451?
5
What is the hundred thousands digit of 179415?
1
What is the units digit of 30212?
2
What is the hundreds digit of 55196?
1
What is the units digit of 40228?
8
What is the thousands digit of 8748?
8
What is the tens digit of 1712?
1
What is the ten thousands digit of 44397?
4
What is the tens digit of 3644?
4
What is the tens digit of 1540?
4
What is the hundreds digit of 2648?
6
What is the thousands digit of 9506?
9
What is the ten thousands digit of 34410?
3
What is the units digit of 6540?
0
What is the units digit of 3270?
0
What is the units digit of 5909?
9
What is the tens digit of 748?
4
What is the tens digit of 7637?
3
What is the hundreds digit of 4702?
7
What is the tens digit of 196?
9
What is the tens digit of 3443?
4
What is the thousands digit of 92966?
2
What is the thousands digit of 5754?
5
What is the units digit of 1301?
1
What is the ten thousands digit of 50013?
5
What is the thousands digit of 59633?
9
What is the units digit of 7179?
9
What is the tens digit of 324?
2
What is the units digit of 314?
4
What is the units digit of 14693?
3
What is the units digit of 1644?
4
What is the hundreds digit of 23652?
6
What is the tens digit of 5728?
2
What is the tens digit of 589?
8
What is the units digit of 695?
5
What is the units digit of 7515?
5
What is the tens digit of 2674?
7
What is the tens digit of 694?
9
What is the tens digit of 5947?
4
What is the units digit of 359?
9
What is the hundreds digit of 6168?
1
What is the ten thousands digit of 123851?
2
What is the ten thousands digit of 10427?
1
What is the units digit of 2610?
0
What is the tens digit of 74995?
9
What is the hundreds digit of 7027?
0
What is the hundreds digit of 364?
3
What is the units digit of 56640?
0
What is the hundreds digit of 2171?
1
What is the ten thousands digit of 21482?
2
What is the tens digit of 46232?
3
What is the units digit of 1443?
3
What is the tens digit of 49081?
8
What is the units digit of 7010?
0
What is the units digit of 676?
6
What is the tens digit of 708?
0
What is the ten thousands digit of 67290?
6
What is the units digit of 3865?
5
What is the hundreds digit of 10801?
8
What is the hundreds digit of 9478?
4
What is the ten thousands digit of 34002?
3
What is the thousands digit of 8865?
8
What is the tens digit of 148?
4
What is the hundreds digit of 20248?
2
What is the units digit of 3833?
3
What is the thousands digit of 1744?
1
What is the hundreds digit of 775?
7
What is the hundreds digit of 40143?
1
What is the tens digit of 10857?
5
What is the hundreds digit of 130611?
6
What is the thousands digit of 1141?
1
What is the units digit of 9394?
4
What is the tens digit of 2248?
4
What is the hundreds digit of 2536?
5
What is the hundreds digit of 16649?
6
What is the tens digit of 130323?
2
What is the hundreds digit of 45555?
5
What is the thousands digit of 3828?
3
What is the tens digit of 3136?
3
What is the tens digit of 2407?
0
What is the thousands digit of 1279?
1
What is the tens digit of 993?
9
What is the hundreds digit of 420?
4
What is the tens digit of 884?
8
What is the units digit of 61355?
5
What is the ten thousands digit of 42529?
4
What is the ten thousands digit of 39900?
3
What is the tens digit of 1281?
8
What is the units digit of 9964?
4
What is the ten thousands digit of 95869?
9
What is the thousands digit of 72919?
2
What is the tens digit of 14836?
3
What is the tens digit of 761?
6
What is the units digit of 157?
7
What is the units digit of 49978?
8
What is the thousands digit of 47260?
7
What is the ten thousands digit of 42936?
4
What is the hundreds digit of 636?
6
What is the units digit of 725?
5
What is the tens digit of 31127?
2
What is the tens digit of 17487?
8
What is the ten thousands digit of 29953?
2
What is the hundreds digit of 19223?
2
What is the tens digit of 12307?
0
What is the hundreds digit of 2693?
6
What is the ten thousands digit of 130308?
3
What is the tens digit of 1632?
3
What is the tens digit of 20458?
5
What is the hundreds digit of 1164?
1
What is the tens digit of 722?
2
What is the units digit of 11525?
5
What is the hundreds digit of 96722?
7
What is the units digit of 16527?
7
What is the units digit of 77071?
1
What is the tens digit of 95?
9
What is the tens digit of 5151?
5
What is the units digit of 105956?
6
What is the tens digit of 33203?
0
What is the units digit of 292?
2
What is the thousands digit of 16131?
6
What is the tens digit of 410?
1
What is the ten thousands digit of 22705?
2
What is the hundreds digit of 98012?
0
What is the thousands digit of 16660?
6
What is the thousands digit of 5420?
5
What is the units digit of 2310?
0
What is the tens digit of 375?
7
What is the hundreds digit of 971?
9
What is the tens digit of 2262?
6
What is the ten thousands digit of 17164?
1
What is the units digit of 11017?
7
What is the tens digit of 7228?
2
What is the ten thousands digit of 46690?
4
What is the tens digit of 1040?
4
What is the tens digit of 23790?
9
What is the thousands digit of 12564?
2
What is the units digit of 2447?
7
What is the units digit of 2237?
7
What is the thousands digit of 22869?
2
What is the hundreds digit of 4766?
7
What is the units digit of 1481?
1
What is the units digit of 596?
6
What is the ten thousands digit of 18388?
1
What is the tens digit of 263?
6
What is the tens digit of 6940?
4
What is the ten thousands digit of 46476?
4
What is the thousands digit of 12770?
2
What is the thousands digit of 16546?
6
What is the tens digit of 2832?
3
What is the units digit of 49?
9
What is the tens digit of 3949?
4
What is the units digit of 6928?
8
What is the hundreds digit of 18238?
2
What is the tens digit of 69577?
7
What is the units digit of 2278?
8
What is the tens digit of 42799?
9
What is the tens digit of 13?
1
What is the thousands digit of 79607?
9
What is the thousands digit of 1068?
1
What is the tens digit of 1326?
2
What is the ten thousands digit of 51058?
5
What is the tens digit of 8730?
3
What is the ten thousands digit of 21847?
2
What is the tens digit of 128?
2
What is the units digit of 1497?
7
What is the tens digit of 1080?
8
What is the tens digit of 953?
5
What is the thousands digit of 116687?
6
What is the tens digit of 3375?
7
What is the units digit of 8292?
2
What is the units digit of 43682?
2
What is the units digit of 3820?
0
What is the units digit of 16729?
9
What is the hundreds digit of 1333?
3
What is the hundreds digit of 4070?
0
What is the tens digit of 15795?
9
What is the units digit of 27797?
7
What is the tens digit of 967?
6
What is the thousands digit of 91844?
1
What is the ten thousands digit of 46634?
4
What is the tens digit of 66286?
8
What is the ten thousands digit of 29078?
2
What is the thousands digit of 19064?
9
What is the units digit of 898?
8
What is the hundreds digit of 19664?
6
What is the tens digit of 19767?
6
What is the tens dig